9. What are the prime factors of m?
2, 5
Suppose 79*l = 84*l + 3*n - 13635, 0 = 4*l - 5*n - 10908. List the prime factors of l.
3, 101
Let b(j) = j**2 - 2*j + 6. Let i = 21 - 19. Suppose -9 = -i*y - y. What are the prime factors of b(y)?
3
Suppose 0 = l - w, 4*l - 3*w = -2 + 1. Let h be (l + 2)/(1/11). Suppose -2*q + 17 + h = 0. What are the prime factors of q?
2, 7
Let s(b) = 9*b**2 + 4*b - 7. Suppose -5*i - 10 = -3*f, 2*i + 22 + 8 = -4*f. List the prime factors of s(i).
2, 3, 11
Let g = 3424 + -2273. What are the prime factors of g?
1151
Let w(h) = -18*h + 11. What are the prime factors of w(-14)?
263
Let q(f) = -3*f**3 - 2*f**2 - 2*f + 1. Let r = 34 - 37. What are the prime factors of q(r)?
2, 5, 7
Suppose 2*t - i = 195, 3*t - 30 = -i + 255. List the prime factors of t.
2, 3
What are the prime factors of -170*(245/10)/(-7)?
5, 7, 17
Let s be (-7 - -6 - -4) + 1*-7. List the prime factors of 0*(0 + (-2)/s) - -75.
3, 5
Let r(u) = -1. Let o(l) = -47*l - 3. Let d(z) = -o(z) - 2*r(z). What are the prime factors of d(2)?
3, 11
Suppose 10*k - 12*k + 1472 = 0. Suppose -b - k = -9*b. What are the prime factors of b?
2, 23
Suppose 4*v - 1452 = 2*n, -1091 = -3*v + 5*n - 4*n. List the prime factors of v.
5, 73
Suppose 3*c + 34 = -47. Let h = c + 36. What are the prime factors of h?
3
Suppose 5*f + 774 = 5*j + 24, -448 = -3*j + 2*f. Let h = 41 + j. What are the prime factors of h?
3, 7
Let h = 22 - 13. List the prime factors of h.
3
Let l(a) = -7*a - 7. Let r(k) = -3*k - 3. Let i(f) = -4*l(f) + 10*r(f). List the prime factors of i(-5).
2
Let d(w) = 47*w**3 - w**2 - 5*w + 12. What are the prime factors of d(3)?
3, 419
Let p(k) = 4*k**3 - 3*k**2 - 2*k + 2. Let j be p(3). Let d = -5 + 10. Suppose 3*n = 2*n + 3, -d*x + j = 4*n. What are the prime factors of x?
13
Suppose -90*m - 8686 = -94*m - 2*f, f - 8683 = -4*m. List the prime factors of m.
2, 5, 7, 31
List the prime factors of (18/24)/((-285615)/47604 - -6).
3967
Suppose 5*s + 284 = 1539. List the prime factors of s.
251
Let x(f) = 1513*f**2 - f - 3. List the prime factors of x(-1).
1511
Suppose 15*s - 10*s = 9425. What are the prime factors of s?
5, 13, 29
Let k(d) = -7*d**2 - 98*d - 18. What are the prime factors of k(-13)?
73
Suppose 3 = 4*v - 33. What are the prime factors of v?
3
Let d(q) = 41*q**2 + q - 1. Let v be d(2). Suppose -6*u + u = v. Let j = 46 + u. What are the prime factors of j?
13
Suppose -3*m - 883 = -4*d, -105 = -d - 5*m + 133. What are the prime factors of d?
223
Let f(h) = 2*h**2 + 3 + 2*h - 13*h + 8*h. Let v = -5 + 8. What are the prime factors of f(v)?
2, 3
Let i be (-6)/(230/(-55) + 4). Suppose -z + 252 = i. List the prime factors of z.
3, 73
Suppose 454 = 5*v - 6. Let d = v + -31. Let m = d + -34. What are the prime factors of m?
3
Suppose -7*y - 12 = -6*y. Let z(g) = -g**3 - 12*g**2 + 4*g + 18. Let u be z(y). List the prime factors of 820/u*6/(-4).
41
Suppose m = -6*m + 5481. What are the prime factors of m?
3, 29
Let c(t) = -5 + t + 857*t**2 + 5*t - 834*t**2. List the prime factors of c(1).
2, 3
List the prime factors of ((-84)/(-56)*(-10196)/6)/(-1).
2549
Suppose -4*s + 9*v = 7*v - 8412, 4*v = -2*s + 4216. List the prime factors of s.
2, 263
Suppose 6*n - 669 = 447. Let r = n - -22. Suppose 0 = -6*y + 2*y + r. List the prime factors of y.
2, 13
Let b(x) = 3*x + 56. Let c be b(-18). Let w be (-1)/4 - 74/(-8). Suppose -6 = 3*h + 5*u, -5*h = -0*h + c*u - w. What are the prime factors of h?
3
Suppose 14 = -i + 7. Let z = i - -5. Let c(n) = 2*n**2 + 1. What are the prime factors of c(z)?
3
Let x be 3865/25 + 4/10 + -3. Let u = x + -48. List the prime factors of u.
2, 13
What are the prime factors of (3696/48)/((-1)/(-2))?
2, 7, 11
Let n = -1154 - -1662. What are the prime factors of (n/(-8))/(1/2 - 1)?
127
Suppose -2 = -14*l + 13*l, 0 = 5*u - 5*l - 20485. List the prime factors of u.
4099
Suppose -2*x - 7*j + 11*j - 12 = 0, x = -3*j + 9. Suppose 4*z - 856 = 5*r, r = -x*z - 2*z + 442. List the prime factors of z.
3, 73
Let n(f) be the second derivative of 7*f**3/3 - 24*f**2 + 3*f. What are the prime factors of n(20)?
2, 29
Let x(s) = 173*s - 268. List the prime factors of x(7).
23, 41
What are the prime factors of (-1902)/((-27)/(-6) + -5)?
2, 3, 317
Let p = -11 - -14. Suppose t - 2*x - 9 = 0, 0*t - 48 = -p*t - x. What are the prime factors of t?
3, 5
Let a(o) = -6*o - 14. Let g(m) = -m**2 - 13*m - 19. Let x be g(-12). List the prime factors of a(x).
2, 7
Suppose 6*n - 2*n = 16. Let p be n + (-15)/(6/(-2)). Suppose 3*f - p - 6 = 0. What are the prime factors of f?
5
Let i = 15 - 10. Let t = i + 6. Let p = 1 + t. List the prime factors of p.
2, 3
Suppose -5*b = 4*f - 3323, -18*f + 21*f - 2501 = 5*b. List the prime factors of f.
2, 13
Let m be (-246)/(-2)*8/4. Suppose 4*z + 2*u = 4*u + m, -5*z + 285 = 5*u. Suppose j - z = -3*j. What are the prime factors of j?
3, 5
Suppose -4*c - 1 = 2*y - 13, y = 2. Let b be c/(18/(-15))*-3. Suppose -h - 7 = -4*k + 22, 0 = -h - b. List the prime factors of k.
2, 3
List the prime factors of (-2402)/(-5) - (-48)/80.
13, 37
Let c(v) = 8*v**2 - 6*v + 199. List the prime factors of c(13).
3, 491
Let p(r) = -r**2 - 9*r - 28. Let s be p(-8). Let c(a) = 2*a**2 - 5*a - 4. Let t be c(4). What are the prime factors of (-315)/s - (-2)/t?
2
Suppose 4*c - 5*u + 3920 = 0, 6*c - c - 5*u + 4900 = 0. Let b be c/(-36) - (-4)/(-18). Suppose n - 15 = l, -4*n + b = -3*n - 4*l. List the prime factors of n.
11
Suppose -4*h = -637 - 911. What are the prime factors of h?
3, 43
Suppose -5*g + 707 = 2*f, -5*f + 108 = 5*g - 587. Suppose -5*x - a + 889 = 0, 3*x + g = 5*a + 682. What are the prime factors of x?
2, 89
Suppose o - 2*b = -5, 0*b + b = 3*o. List the prime factors of (o - 2)/((-9)/783).
3, 29
Suppose -6*x = -90 - 42. Let w = -16 + x. List the prime factors of w.
2, 3
Suppose -8*m - 90 + 2930 = 0. Suppose 3*w = m + 422. List the prime factors of w.
7, 37
Let x = -306 + 681. List the prime factors of x.
3, 5
Suppose 5*c - 3*c - 4 = 0. Let m(u) = c*u - u**3 + 33 + u**3 - u**3 + u**2 - 6. List the prime factors of m(0).
3
Let j(q) = -q**2 + 34*q - 23. Let i be (19 - (-3 - -4))*5/3. What are the prime factors of j(i)?
97
Suppose 11*z = 13 - 57. Let n(p) = -p**3 - 3*p**2 - 4*p + 1. Let i be n(-3). List the prime factors of 5*(i - (4 + z)).
5, 13
Let k(b) = 57*b**2 + 9*b + 53. List the prime factors of k(-4).
929
Let y(n) = 12*n**3 - 2*n**2 + 6*n - 30. What are the prime factors of y(4)?
2, 5, 73
Let f(n) = n + 17. Let r(o) = o**2 + o - 4. Let d be r(0). List the prime factors of f(d).
13
Suppose -u + 4 = 3*d + 51, -d - 9 = -u. Let x(v) = 3*v + 0*v + 20 - 2*v. List the prime factors of x(d).
2, 3
Suppose -10 + 22 = 4*f. Suppose 3*w + 92 = 5*g + 21, f*g - 5*w = 33. Let r = 31 - g. List the prime factors of r.
3, 5
Let u(q) be the first derivative of q**3/3 + 11*q**2/2 - 22*q - 13. List the prime factors of u(-18).
2, 13
Let m = -709 + 1112. What are the prime factors of m?
13, 31
Let o(a) = -a**2 + 11*a - 14. Let y be o(11). Let h be (-77)/y + 2/(-4). Suppose 128 + 72 = h*x. List the prime factors of x.
2, 5
Suppose 0*p + p - 22 = 0. Suppose 64 - p = -3*d. What are the prime factors of (-4)/d - 306/(-7)?
2, 11
Let c(z) = -123*z + 3. What are the prime factors of c(-5)?
2, 3, 103
Let h(p) = -4*p - 8*p**2 - 14 + 50 - 20 - p**3. List the prime factors of h(-10).
2
Let t = 1 - 2. Let p(j) = 10*j**2 - 28*j - 5. Let v be p(3). What are the prime factors of v/(2/(-76)*t)?
2, 19
Let j = -15 - -16. Let w(r) = 14*r**2 - r + 1. Let i be w(j). Suppose 0*y + i = y. List the prime factors of y.
2, 7
Suppose -2*p + 4*t = 220, p + 0*t + 95 = -3*t. Let o = 116 - p. List the prime factors of o.
2, 5, 11
Let m = -1 + 9. Let v = m + -11. What are the prime factors of (-6)/v*21/6?
7
Let d = 54 - 26. Let s be 204/28 + (-8)/d. Let l(o) = 4*o + 4. What are the prime factors of l(s)?
2
Let l = -19 + 19. Suppose 2*v = l, -v + 28 = r - 3*v. List the prime factors of r.
2, 7
Let l(j) = -3*j + 39. What are the prime factors of l(-9)?
2, 3, 11
Suppose 73*j = 54*j + 27322. List the prime factors of j.
2, 719
What are the prime factors of -1 + (506 - (-5 + 1))?
509
Suppose 0 = 5*u - 0*u - 25. Suppose -4 = 4*y - u*y. List the prime factors of (-7)/(7/y) + 35.
31
Let n(r) = -2*r - 6. Let f be n(-4). Let